.
2, 3
Suppose 13*i - 7166 - 5782 = 0. What are the prime factors of i?
2, 3, 83
Let d(n) = -14*n + 13. Let i be d(-6). Let r = -52 + i. List the prime factors of r.
3, 5
Let n = -27 - -34. Suppose 1980 = 8*t + n*t. List the prime factors of t.
2, 3, 11
Let o(f) = f**2 - 5*f - 5. Let m be 52/7 - (-4 + 124/28). What are the prime factors of o(m)?
3
Let g = -23 + 40. Let f = 18 - g. List the prime factors of (115 - -1)*f/4.
29
Suppose r + 10 = 6*r. Suppose -r*h + 7*h = -2*m + 2, -2*m - 2*h = -14. List the prime factors of m.
11
Let c be 96/(-4)*6 - -4. Let k be (-254)/(-7) + 40/c. Suppose 0*y - k = -2*y. List the prime factors of y.
2, 3
Let r be 4/22 - 1082/22. Let f = r + 80. List the prime factors of f.
31
Let n(l) = 4*l**3 - 3*l**2 + 3*l - 2. Let x be 46/11 - 6/33. Suppose -x*v + 23 - 7 = 2*k, -5*v + 7 = -4*k. List the prime factors of n(k).
2, 3
Let h be (-4088)/(-72) + 4/18. Let j = h - 37. List the prime factors of j.
2, 5
Let c be 15/(-6)*(-8)/10. Suppose -3*d = 3*x - 357, -4*x + c*x = -3*d + 382. What are the prime factors of d?
2, 31
Let u(x) = 76*x**2 + 13*x + 3. List the prime factors of u(-5).
2, 919
Let a be (-9)/(-6)*8/4. Let z(g) = 5*g - a*g + 1 + g. List the prime factors of z(8).
5
Suppose 4*a - 18 = -2. Let i = 3 - a. What are the prime factors of 54 - -6 - (0 + i)?
61
Suppose 16*c - 4*s - 2792 = 11*c, 1124 = 2*c + 2*s. What are the prime factors of c?
2, 5, 7
Suppose 3*k + 5*w + 23 = 121, -4*k = -5*w - 119. Suppose -5*n = -4*g + k, 0 = -g + 3*g + 3*n - 43. What are the prime factors of (-4 + 6)/(1/g)?
2, 7
Let g = 13 - -1. Let a = -8 + g. Suppose 8*s = a*s + 54. List the prime factors of s.
3
Let m(g) = -2*g - 26. Let n be m(-15). Suppose 238 + 478 = n*r. What are the prime factors of r?
179
Let x(d) = d + 6. Let q be x(0). Let h(r) = r**2 - 5*r - 4. Let j be h(q). Suppose t + j*i - 17 = 26, 0 = -t + 3*i + 68. What are the prime factors of t?
53
Suppose 5*g - 2*g = 9. Suppose 0*h + 2*h - 462 = -5*a, g*a = 0. What are the prime factors of h?
3, 7, 11
Let u(g) = g**3 - 13*g**2 - 14*g. Let p be u(14). Suppose 5*t - 6 - 9 = p. Suppose l = 7*q - 2*q + 45, 4*l - t*q = 112. List the prime factors of l.
5
Suppose f = -2*p + 1, 2*p + 2*f = -3*f + 21. Let s = 6 + p. List the prime factors of ((-25)/s)/(1/(-4)).
5
Let q(g) = 5*g - 12. Let l be q(-4). List the prime factors of (-10)/(-6) - l/24.
3
Let j(f) = f**3 + 3*f**2 - 7*f - 4. Let t be j(-5). Let g = t + 19. Suppose g = 4*l - 3*k - 106, 5*l + 2*k + 2*k - 117 = 0. What are the prime factors of l?
5
Suppose -4*t = 2*o - 1508, o - 18*t = -21*t + 757. List the prime factors of o.
2, 11, 17
Suppose -3*m = 3*j - 426, 4*j + j - 567 = -4*m. List the prime factors of m.
11, 13
Suppose 8586 = 7*a - 5323. What are the prime factors of a?
1987
Suppose 2*p + 30 = 6. Let t(d) = -d - 9. Let h be t(p). Suppose -4*k + 23 = -5*s, 4*k + h*s + 7 = 3*k. What are the prime factors of k?
2
Let u(t) = t + 1. Let s be u(2). Suppose 0 = 4*h - h - 3*y - 24, 0 = 4*h - s*y - 31. What are the prime factors of h?
7
Let u(g) = -g**3 - 4*g**2 + 3*g - 4. Let b be u(-3). Let y be -2 - (0 - b/2). Let z = y - -59. What are the prime factors of z?
2, 23
Let i = 48 + -43. Let m be (-36)/(-21) - 2/(-7). Suppose 5 = i*b, -21 = -a + 5*b - m. What are the prime factors of a?
2, 3
Let o(p) = 4 - 2 - 12*p + 3 + 22*p. What are the prime factors of o(6)?
5, 13
Suppose 3*h - 12 = 0, 0*s + 5*s - 4*h + 16 = 0. Suppose -45 = -3*v - 4*t + t, 4*v - t - 35 = s. What are the prime factors of v?
2, 5
Let d be 0 - 2/((-4)/(-6)). Let o = 5 + d. List the prime factors of 2*2/o + 19.
3, 7
Suppose -3*x = -4*x + z + 1986, -5953 = -3*x + 2*z. List the prime factors of x.
7, 283
Let j = -50 - -73. Let i(x) = 4*x - 9. List the prime factors of i(j).
83
Let l be (-8)/(1/(4/2 + -1)). Let t(y) = -y**3 - 3*y**2 + 25*y - 3. List the prime factors of t(l).
3, 13
Suppose 0 = -p - 0*p + 3*c + 30, -57 = -3*p - 2*c. Suppose 3*g = 5*k - 3 - p, -3*k + g = -16. List the prime factors of k.
2, 3
Suppose -2739 = 5*f + 4*p - 17424, -p - 5874 = -2*f. What are the prime factors of f?
3, 11, 89
Let n = 850 - 295. List the prime factors of n.
3, 5, 37
What are the prime factors of 20757/(-185)*(1 - 16)?
3, 11, 17
Let m(p) = -p + 346. List the prime factors of m(38).
2, 7, 11
Let b(k) be the third derivative of -k**5/60 + k**4/12 - 4*k**3/3 - k**2. Let s be b(6). Let y = 25 - s. List the prime factors of y.
3, 19
Let l = 366 - 368. Let g(o) be the first derivative of 11*o**3/3 - o**2/2 - o + 1. List the prime factors of g(l).
3, 5
List the prime factors of (432/40 - -12)/(2/145).
3, 19, 29
Suppose -4*u + 875 = -793. List the prime factors of u.
3, 139
Let m(k) = k - 27. Let i be m(7). What are the prime factors of (-8)/i + (-8544)/(-40)?
2, 107
Suppose -4*y + 9*b - 5*b - 24 = 0, 3*y - 2*b = -19. Let s(j) = -j**3 - 3*j**2 + 2*j + 17. List the prime factors of s(y).
199
Suppose 53*t = 67*t - 28434. List the prime factors of t.
3, 677
Let w = -36 - -39. Let z = w + 18. What are the prime factors of z + 0 + 20/(-10)?
19
Let u = 43 - 93. Let q = u + 108. What are the prime factors of q?
2, 29
Let v(c) = c**2 - 3*c - 9. Let g be v(4). Suppose -1 = 5*m + k, -2*k - 3 = 2*m + k. Let p = m - g. What are the prime factors of p?
5
Let u = 35 - 33. Suppose -u*g = 4*p - 154, p + 24 = -3*g + 235. Let w = g - 26. List the prime factors of w.
43
Let h = 6334 + -3254. What are the prime factors of h?
2, 5, 7, 11
Let u(y) = -y**3 - y**2 + y + 1. Let r(d) = 4*d**3 - 7*d**2 - 2*d + 11. Let s(q) = -r(q) - 3*u(q). List the prime factors of s(9).
2, 29
Let j(d) = 9*d**2 + 2*d + 1. Let t(x) = x**3 - 4*x**2 - 5*x - 3. Let q be t(5). Let h be j(q). Suppose 0*w + 4*w - h = 0. List the prime factors of w.
19
Let w(i) = -3*i - 8. Let n(t) = -t**2 + 20. Let c be n(0). Suppose 5*s = s - c. List the prime factors of w(s).
7
Suppose 0 = -17*u + 46804 + 14549. List the prime factors of u.
3, 401
Suppose -8386 = -2*p - 5*s - 1298, -p = -3*s - 3533. List the prime factors of p.
3539
Let x(g) = 2*g**2 - 6*g - 33. What are the prime factors of x(-21)?
3, 5, 13
Suppose 5*m + 1246 = 3616. What are the prime factors of m?
2, 3, 79
Let w(t) = 46*t - 10. What are the prime factors of w(3)?
2
Suppose -282 = 2*i - 2*z, i - 2*i - z - 133 = 0. Let l = 274 + i. List the prime factors of l.
137
Suppose -10 = 3*h - 22. Suppose -h*u = -183 - 173. Suppose 0 = -5*b + 81 + u. List the prime factors of b.
2, 17
What are the prime factors of (3 - 1498/(-3))/(12/36)?
11, 137
Suppose 5*c = 605 + 330. Suppose 0 = -j - 2*n + 151 - 58, c = 2*j + 3*n. List the prime factors of j.
5, 19
Let w = -18 - -20. Suppose w*t + 3*t = 4*c + 152, 0 = -3*t - 5*c + 69. List the prime factors of t.
2, 7
Let l be ((-18)/3 - -2) + 1. List the prime factors of 2/(l - 178/(-59)).
2, 59
Let t(f) = 2464*f**2 + 16*f - 8. What are the prime factors of t(1)?
2, 3, 103
Suppose -5*a = -10*a + 45. Let h(w) = 2*w - 18. Let n be h(a). Suppose n = f - 24 - 13. What are the prime factors of f?
37
Let w(k) = -k**3 - 11*k**2 + 11*k - 23. What are the prime factors of w(-14)?
3, 137
Let y be (-1 - 2) + (17 - 8). Suppose -2*k - 4 = y. List the prime factors of k*(78/(-10) + 4).
19
Let t = 2950 + -2057. List the prime factors of t.
19, 47
Let o(a) = -2*a**2 + 15*a + 7. Let y be o(8). What are the prime factors of ((1485/(-10))/y)/(6/8)?
2, 3, 11
Suppose -7*d = -5800 - 3447. List the prime factors of d.
1321
Suppose 4*g - 1140 = 4*n, 875 = -9*g + 12*g + n. What are the prime factors of g?
2, 5, 29
Let w = -240 - -3260. What are the prime factors of w?
2, 5, 151
Let s(u) = 27*u**2 - 25*u + 1. What are the prime factors of s(11)?
41, 73
Let r be 2/3*9/3. Suppose -w + 3*a - 12 = 0, r*w + 2*a - 15 - 1 = 0. Suppose n - j = 21, -n + 22 + 15 = w*j. List the prime factors of n.
5
Let i = 8 - 3. Suppose -i*n + 12*n = 175. List the prime factors of n.
5
Let a be (-64)/(-36) - 2/(-9). Suppose -a*v = -3*v - 55. Let t = v - -84. What are the prime factors of t?
29
Suppose 6*q + 4*p = 2*q - 760, 2*q + 350 = 4*p. Let c = -84 - q. What are the prime factors of c?
101
Let h(s) = 9*s - 22. Let i be 8/24 + 73/(-3). Let u = 33 + i. List the prime factors of h(u).
59
Suppose 32*i + 500 = 19540. List the prime factors of i.
5, 7, 17
Let q be (-1 + 3)*(-10)/4. Let r(z) = -z**2 - 11